{"id":88,"date":"2014-11-14T11:49:53","date_gmt":"2014-11-14T10:49:53","guid":{"rendered":"http:\/\/formacionprofesorado.educacion.navarra.es\/web\/?page_id=88"},"modified":"2016-03-16T09:46:49","modified_gmt":"2016-03-16T08:46:49","slug":"enlaces-a-paginas-de-formacion","status":"publish","type":"page","link":"https:\/\/formacionprofesorado.educacion.navarra.es\/web\/enlaces-a-paginas-de-formacion\/","title":{"rendered":"Enlaces a p\u00e1ginas de formaci\u00f3n"},"content":{"rendered":"<p><a title=\"Enlace a la p\u00e1gina de la Comisi\u00f3n Europea\" href=\"http:\/\/europa.eu.int\/comm\/education\/index_es.html\" target=\"_blank\">Comisi\u00f3n Europea<\/a><br \/>\nP\u00e1gina sobre educaci\u00f3n y formaci\u00f3n de la Comisi\u00f3n Europea, con legislaci\u00f3n, documentos, publicaciones, programas y otros temas de inter\u00e9s educativo de \u00e1mbito europeo.<\/p>\n<p><a title=\"Universidad P\u00fablia de Navarra\" href=\"http:\/\/www.unavarra.es\/\" target=\"_blank\">UPNA<\/a><br \/>\nP\u00e1gina de la Universidad P\u00fablica de Navarra<\/p>\n<p><a title=\"Universidad de Navarra\" href=\"http:\/\/www.unav.es\/\" target=\"_blank\">UN<\/a><br \/>\nP\u00e1gina de la Universidad de Navarra<\/p>\n<p><a href=\"http:\/\/www.uned.es\/\" target=\"_blank\">UNED<\/a><br \/>\nUniversidad Nacional de Educaci\u00f3n a Distancia<\/p>\n<p><a href=\"http:\/\/educalab.es\/intef\/formacion\/formacion-en-red\">EducaLAB<\/a><br \/>\nMOOC, cursos online tutorizados, autoformaci\u00f3n, etc.<\/p>\n","protected":false},"excerpt":{"rendered":"<p>Comisi\u00f3n Europea P\u00e1gina sobre educaci\u00f3n y formaci\u00f3n de la Comisi\u00f3n Europea, con legislaci\u00f3n, documentos, publicaciones, programas y otros temas de inter\u00e9s educativo de \u00e1mbito europeo. UPNA P\u00e1gina de la Universidad P\u00fablica de Navarra UN P\u00e1gina de la Universidad de Navarra UNED Universidad Nacional de Educaci\u00f3n a Distancia EducaLAB MOOC, cursos online tutorizados, autoformaci\u00f3n, etc.<\/p>\n","protected":false},"author":1,"featured_media":0,"parent":0,"menu_order":0,"comment_status":"open","ping_status":"open","template":"","meta":{"_genesis_hide_title":false,"_genesis_hide_breadcrumbs":false,"_genesis_hide_singular_image":false,"_genesis_hide_footer_widgets":false,"_genesis_custom_body_class":"","_genesis_custom_post_class":"","_genesis_layout":""},"_links":{"self":[{"href":"https:\/\/formacionprofesorado.educacion.navarra.es\/web\/wp-json\/wp\/v2\/pages\/88"}],"collection":[{"href":"https:\/\/formacionprofesorado.educacion.navarra.es\/web\/wp-json\/wp\/v2\/pages"}],"about":[{"href":"https:\/\/formacionprofesorado.educacion.navarra.es\/web\/wp-json\/wp\/v2\/types\/page"}],"author":[{"embeddable":true,"href":"https:\/\/formacionprofesorado.educacion.navarra.es\/web\/wp-json\/wp\/v2\/users\/1"}],"replies":[{"embeddable":true,"href":"https:\/\/formacionprofesorado.educacion.navarra.es\/web\/wp-json\/wp\/v2\/comments?post=88"}],"version-history":[{"count":0,"href":"https:\/\/formacionprofesorado.educacion.navarra.es\/web\/wp-json\/wp\/v2\/pages\/88\/revisions"}],"wp:attachment":[{"href":"https:\/\/formacionprofesorado.educacion.navarra.es\/web\/wp-json\/wp\/v2\/media?parent=88"}],"curies":[{"name":"wp","href":"https:\/\/api.w.org\/{rel}","templated":true}]}}

Enlaces a páginas de formación

<p><a title="Enlace a la página de la Comisión Europea" href="http://europa.eu.int/comm/education/index_es.html" target="_blank">Comisión Europea</a><br />
Página sobre educación y formación de la Comisión Europea, con legislación, documentos, publicaciones, programas y otros temas de interés educativo de ámbito europeo.</p>
<p><a title="Universidad Públia de Navarra" href="http://www.unavarra.es/" target="_blank">UPNA</a><br />
Página de la Universidad Pública de Navarra</p>
<p><a title="Universidad de Navarra" href="http://www.unav.es/" target="_blank">UN</a><br />
Página de la Universidad de Navarra</p>
<p><a href="http://www.uned.es/" target="_blank">UNED</a><br />
Universidad Nacional de Educación a Distancia</p>
<p><a href="http://educalab.es/intef/formacion/formacion-en-red">EducaLAB</a><br />
MOOC, cursos online tutorizados, autoformación, etc.</p>

<p>Comisión Europea Página sobre educación y formación de la Comisión Europea, con legislación, documentos, publicaciones, programas y otros temas de interés educativo de ámbito europeo. UPNA Página de la Universidad Pública de Navarra UN Página de la Universidad de Navarra UNED Universidad Nacional de Educación a Distancia EducaLAB MOOC, cursos online tutorizados, autoformación, etc.</p>
